p*y - 4*z + 442, y - 8*z + 3*z - 141 = 0. Suppose -b + y = b. Calculate the remainder when b is divided by 37.
36
Let l(z) = 16*z**2 + 4*z + 12. Let y be l(-2). Let f = y + -50. Calculate the remainder when 28 is divided by f.
10
Suppose 78*l + 86*l - 1775 = 139*l. Suppose -504 - 308 = -4*h. Calculate the remainder when h is divided by l.
61
Let k be (226/(-1) - 0)*-1. Let d(a) = 267*a + 830. Calculate the remainder when (8 + -7)/(2/k) is divided by d(-3).
26
Suppose -4*t + 4688 = 2*p, 0 = -145*t + 147*t - 12. Calculate the remainder when p is divided by 146.
142
Let u be ((-3)/7)/((-3)/21). Suppose 0 = 5*w + a - 598, 2*w - 590 = -u*w - 5*a. Let l = w + -58. Calculate the remainder when l is divided by 16.
14
Let z(o) = o**3 + 10*o**2 + 6*o + 7. Suppose 0 = 4*r + 20, -5*s + 4*r + 2 - 7 = 0. Let y = -43 + 69. Calculate the remainder when z(s) is divided by y.
24
Suppose 218*x = 244*x + 182. Let h(a) = -3*a**2 - 21*a + 9. Calculate the remainder when 95 is divided by h(x).
5
Let h(i) = 2*i**2 + 79*i + 118. What is the remainder when 263 is divided by h(-38)?
3
Let d = 182 - 178. Suppose d*t - 7*t + 60 = 4*j, 0 = 5*j - 15. Calculate the remainder when 4/(-16) + 882/8 is divided by t.
14
Let s = -2321 - -2354. What is the remainder when 150 is divided by s?
18
Calculate the remainder when (-5*(-15)/(525/28) + -3)*1588 is divided by 226.
6
Let u(i) = 143*i - 3703. Let f = 5 - 1. Suppose -424 = -4*h - 4*d, f*h + 0*h - 420 = -3*d. Calculate the remainder when h is divided by u(26).
12
Let i = 608 + -598. Suppose 5*r = i, -8*r + 3*r = 2*v - 322. Calculate the remainder when v is divided by 16.
12
Let v = -38 - -34. Let j = v + 22. Suppose 26*w - 18*w - 272 = 0. What is the remainder when w is divided by j?
16
Suppose 339 = a - 2*l + 245, 398 = 4*a + 3*l. Calculate the remainder when 1265 is divided by a.
89
Let t(j) = -j**3 - 24*j**2 + 44*j + 519. What is the remainder when 346 is divided by t(-25)?
38
Let z(h) = -674*h + 13492. Calculate the remainder when 11963 is divided by z(20).
11
Let t = 12898 - 11037. What is the remainder when t is divided by 11?
2
Let n(f) = -20*f**3 + 11*f + 9. Calculate the remainder when 0 - (-7)/(14/132) is divided by n(-1).
12
Let u be -1 - 9/((-9)/170). Suppose 59 = -5*b + u. Let g(q) = -3*q + 115. What is the remainder when b is divided by g(34)?
9
Let k(j) = -4*j + 80. Let c be k(20). Suppose -l = 2*y - 0*y - 287, 4*y - 4*l - 568 = c. Calculate the remainder when y is divided by 29.
27
What is the remainder when 125 is divided by 5/((-30)/32)*150/(-50)?
13
Let d = -7638 - -7769. What is the remainder when d is divided by (14/8)/(1/20)?
26
Let q(c) = c + 62. Let b(f) = -2*f - 63. Let k(r) = 2*b(r) + 3*q(r). Let d be k(23). Suppose 17 = -2*w + d. Calculate the remainder when w is divided by 4.
2
Let v(y) = y**2 - 5*y - 14. Let r be -3 + (2/(-5))/(1/115). Let h = 43 + r. Calculate the remainder when v(h) is divided by 18.
16
Suppose -5*q = -3*w - 59489, -3*q = 2*q + 4*w - 59468. Suppose q + 7864 = 20*i. What is the remainder when i is divided by 43?
42
Let m = -2709 - -2759. Let j = 10 + 2. What is the remainder when m is divided by j?
2
Suppose -54*s - 10010 + 39386 = 0. Calculate the remainder when s is divided by 242.
60
Suppose 8*z + 15 = 3*z. Let p be (-1*(-2 - -4))/(2/z). Suppose 4*x + 8 = 0, -2*m + m + 34 = -p*x. Calculate the remainder when 109 is divided by m.
25
Let r = 9 + -4. Suppose r*s - 16 = s. Let y = s - -19. Calculate the remainder when 111 is divided by y.
19
Suppose -9*r = -4*r + 3*c - 290, 5*r - 5*c - 330 = 0. Let d(w) = w**3 + 24*w**2 + 105*w - 7. Calculate the remainder when r is divided by d(-6).
6
Let x = -510 - -638. Calculate the remainder when x is divided by 19.
14
Let j be 2*(1 + 0/(0 + 4)). What is the remainder when (646 - -2)/12 + (-1 - j) is divided by 20?
11
Suppose -d + 1 = -2*d, -x - 4*d + 23 = 0. Let f = -34718 + 34806. Calculate the remainder when f is divided by x.
7
Let t(f) = -16*f + 31 + 3*f - 2*f - 5*f + 3*f**2. What is the remainder when 8/(-6)*(-84)/1 is divided by t(7)?
36
Let q(h) = 53*h**2 - 8*h + 8. Let l be q(2). Suppose -60*x = -66*x + l. Calculate the remainder when 65 is divided by x.
31
Let n(l) = 825*l**3 + 2*l**2 - 22*l + 22. Calculate the remainder when n(1) is divided by 23.
22
Calculate the remainder when (-1668)/(-9)*((-23)/(-8) - 3/(-24)) is divided by 140.
136
Suppose 0 = -z + 3*n + 27 + 93, -4*n = 3*z - 347. Suppose 5*j + 0*h - h = z, -4*j - 2*h = -88. Calculate the remainder when j is divided by 12.
11
Let d(b) = -6*b. Let r be (1 + 1 + -2)*-1 + 31. Suppose -r*t = -29*t - 34. What is the remainder when t is divided by d(-1)?
5
Let h = 2839 + -2062. Calculate the remainder when h is divided by 87.
81
Suppose -4*g = -5*r - 53, 7 = -2*g - 5*r - 4. Suppose -901 - 357 = 447*n - 484*n. What is the remainder when n is divided by g?
6
Let s = -2424 + 2507. Calculate the remainder when 313 is divided by s.
64
Let n(o) = o**2 - 472*o - 1885. Calculate the remainder when 1097 is divided by n(-4).
14
Suppose -j = -3*s + s + 7, -13 = -5*s - 2*j. Suppose -2*l - 119 = -4*h - 13, 3*l = -s*h + 66. What is the remainder when 34 is divided by h?
9
Suppose 49*j - j + 11914 = 88330. Calculate the remainder when j is divided by 114.
110
Let f(t) = -3*t**3 + 4*t**2 + 4*t + 23. What is the remainder when f(-6) is divided by 24?
23
Let m(z) = -21*z - 249. Calculate the remainder when 176 is divided by m(-14).
41
Suppose -b = 4*b - 5*m - 1130, 0 = 5*b - 4*m - 1131. Let j = -14822 + 14860. What is the remainder when b is divided by j?
37
Let h(j) = 7*j + 7. Let s be 59/(-236) + 5/4. Let c(z) = 191*z**3 + 7*z**2 - 7*z + 3. What is the remainder when c(s) is divided by h(6)?
47
Let n = -10 + 12. Suppose 3*j - 514 = -2*z, 5*j + 3*z = n*z + 859. Suppose -f - 2*i + 138 = -43, -5*i = f - j. What is the remainder when f is divided by 38?
35
Let q be 12 - 1 - (24 - 20). Suppose q*p - 13 - 43 = 0. Let v(i) = 10*i - 27. Calculate the remainder when v(p) is divided by 14.
11
Suppose -2*b + 134 = 292. Suppose -3*m - 564 = -5*f, -266 = -3*f + 3*m + 76. Let t = b + f. What is the remainder when t is divided by 23?
9
Let o(r) = 4*r - 11. Let b = -36 - -33. What is the remainder when b*(1 - 0) - (-197 - -70) is divided by o(9)?
24
Let w be -2 + 3/((-6)/4). Suppose 0 = 3*t + 5*g - 14, 2*g + 6 = -4. Calculate the remainder when 11/(3*w/(-84)) is divided by t.
12
What is the remainder when ((-880)/(-50))/(-11)*24470/(-8) is divided by 98?
92
Calculate the remainder when 50 is divided by (0 - 9) + (-286)/(-11).
16
Let v(x) = 3*x**2 - 113*x + 687. Calculate the remainder when 458 is divided by v(7).
28
Suppose -2 = -r + 5*b + 100, -3*b = -5*r + 334. What is the remainder when 1911 is divided by r?
51
Let u be 6/(-2) + 114 + -3. Suppose 24*w = 12 + u. Let p = -4 - -18. Calculate the remainder when p is divided by w.
4
Suppose -6*b - 20*b - 6*b + 800 = 0. What is the remainder when 2112 is divided by b?
12
Suppose -2*l + 5*l - 3843 = 0. Suppose 20*u + l = 27*u. What is the remainder when u is divided by 37?
35
Calculate the remainder when 254 is divided by (8 - 30/(-6))*(0/3 - -17).
33
Let n be (-8)/10*(-225)/(-10). Let y = 356 - 348. Calculate the remainder when (-162)/4*n/27 is divided by y.
3
Suppose -2*d = -6*d + 80. Let j = -172857 + 173016. What is the remainder when j is divided by d?
19
Let v = 18 - -2. Suppose w - 69 = -4*w + 3*u, 5*u = 10. Calculate the remainder when v/(-15)*(-38 + -1) is divided by w.
7
Suppose -4*t + 25 - 13 = -5*p, 0 = 2*t - 5*p - 6. Suppose 2*c = -t*v + 125, c = v + 72 - 7. What is the remainder when 1151 is divided by c?
63
Let g = 15381 + -14767. What is the remainder when g is divided by 18?
2
Let s(y) = 95*y + 1631. What is the remainder when s(-14) is divided by 119?
63
Let u(v) = v**3 - 12*v**2 + 18*v - 59. Let b(z) = z**3 - 2*z**2 - 14*z + 6. Let k be b(5). What is the remainder when 250 is divided by u(k)?
16
Let d be (-2 - -1) + 11/((-22)/(-92)). Calculate the remainder when 796 is divided by (-9)/d + -71*2/(-10).
12
Suppose k = t - 2*t + 12, 0 = 2*t - 3*k - 14. Suppose -5*y - 10 = 0, 5*w + 76 = 4*w - 3*y. What is the remainder when (-30)/w - (-1230)/21 is divided by t?
9
Suppose j + 145 = 160. What is the remainder when 10/(-25) + 2 + 1416/j is divided by 11?